at is i(-38)?
24
Let r(w) = w**2 - 396*w - 14149. What is r(-33)?
8
Let c(l) = -4*l**2 - 43*l + 5. Determine c(-11).
-6
Let y(q) = -3*q**3 + 249*q**2 - 5*q + 416. Determine y(83).
1
Let l(a) = 561*a - 89188. Give l(159).
11
Let q(m) = m**3 - 22*m**2 + 7*m - 176. What is q(22)?
-22
Let c(z) = -z**3 + 41*z**2 + 97*z + 153. Calculate c(44).
-1387
Let u(f) = -f**2 + 26*f - 147. Give u(20).
-27
Let i(l) = 5*l**2 - 239*l + 203. Give i(47).
15
Let l(m) = -4*m**3 - 328*m**2 + 3*m + 268. Calculate l(-82).
22
Let f(q) = -4*q**2 - 13*q - 31. Calculate f(-5).
-66
Let o(n) = -2*n**2 + 18*n - 25. What is o(4)?
15
Let f(z) = 9*z + 22. Calculate f(-6).
-32
Let l(g) = 6*g**2 + 223*g - 693. Give l(-40).
-13
Let v(u) = 3*u**3 + 50*u**2 + 74*u + 3. Determine v(-15).
18
Let p(l) = -2*l**3 - l**2 + 34*l + 63. Give p(-2).
7
Let u(x) = -7*x**2 + 4*x + 13. Determine u(7).
-302
Let a(r) = 49*r + 220. Determine a(-6).
-74
Let f(m) = -2*m**3 - 8*m**2 - 46*m - 284. Give f(-5).
-4
Let g(n) = n**3 - 134*n**2 + 888*n + 6. Calculate g(7).
-1
Let b(h) = -h**3 - 155*h**2 - 75*h + 12162. Determine b(-154).
-4
Let f(d) = -36*d - 6. What is f(1)?
-42
Let y(x) = -71*x - 931. Give y(-12).
-79
Let g(f) = -107*f - 3428. What is g(-32)?
-4
Let k(u) = -u**3 + 2*u**2 + 5*u - 10. Give k(5).
-60
Let k(w) = -w**2 + 5*w + 7. Determine k(8).
-17
Let g(k) = -35*k**2 - 250*k + 5. Calculate g(-7).
40
Let h(s) = 57*s. Give h(-2).
-114
Let s(y) = -y**3 + 29*y**2 + 21*y + 1181. What is s(31)?
-90
Let l(f) = -114*f - 241. What is l(-2)?
-13
Let t(k) = k**3 + 20*k**2 - 31*k - 590. Calculate t(-20).
30
Let a(o) = 3*o**2 - 38*o + 98. What is a(9)?
-1
Let r(n) = -140*n**3 - 26*n + 27. Determine r(1).
-139
Let x(n) = 14*n**2 + 448*n + 427. What is x(-31)?
-7
Let a(x) = -2*x**3 + 10*x**2 - 22*x - 8. Calculate a(3).
-38
Let m(q) = -3*q**3 + 17*q**2 + 18. Give m(7).
-178
Let w(l) = l**3 + 70*l**2 - 218*l + 60. Calculate w(-73).
-13
Let z(o) = -150*o - 2854. Give z(-19).
-4
Let r(h) = h**3 + 22*h**2 - 4*h - 900. Determine r(-20).
-20
Let z(f) = -2*f**2 - 52*f + 156. Give z(-28).
44
Let b(y) = -5*y**2 - 122*y + 10. Give b(-28).
-494
Let f(b) = -14*b**2 - 275*b - 1089. What is f(-4)?
-213
Let u(i) = i**2 + 131*i + 1605. What is u(-18)?
-429
Let i(n) = 14*n - 157. Calculate i(11).
-3
Let b(g) = -2*g**2 + 4*g. Calculate b(7).
-70
Let p(v) = -2*v**3 + 22*v**2 - 65*v + 25. Determine p(6).
-5
Let f(q) = 8*q**3 - 513*q**2 + 61*q + 193. Calculate f(64).
1
Let k(b) = 228*b - 1598. Determine k(7).
-2
Let r(o) = 4*o**2 - 13*o + 2. Calculate r(9).
209
Let a(q) = 2*q**2 - 46*q - 900. Give a(-12).
-60
Let s(x) = x**2 - 91*x + 1291. Calculate s(75).
91
Let f(x) = x - 40. Calculate f(-12).
-52
Let d(r) = 2*r**2 + 126*r + 455. What is d(-4)?
-17
Let m(y) = 42*y - 316. Calculate m(8).
20
Let m(v) = -v**3 + 33*v**2 - 23*v - 296. Determine m(32).
-8
Let t(i) = -i**3 - 5*i**2 + 2*i + 6. Give t(0).
6
Let n(t) = -3382*t + 74395. Give n(22).
-9
Let p(d) = -2*d**3 - 144*d**2 - 1440*d - 73. Determine p(-60).
-73
Let k(i) = -2*i**3 + 157*i**2 + 79*i - 35. What is k(79)?
-35
Let c(z) = z**3 - 13*z**2 + 45*z - 23. Determine c(5).
2
Let k(u) = 43*u - 390. Determine k(7).
-89
Let u(v) = -v**2 + 37*v - 177. Give u(26).
109
Let l(k) = k**3 + 41*k**2 - 315*k + 193. Give l(6).
-5
Let k(h) = -4*h**2 + 51*h + 108. Determine k(10).
218
Let w(q) = 8*q**3 - 4*q**2 - 4*q - 2. What is w(-2)?
-74
Let z(x) = 10*x**2 + 217*x + 1150. Give z(-12).
-14
Let f(m) = 4*m**3 - 54*m**2 - 26*m - 23. Give f(14).
5
Let p(h) = -185*h + 2743. What is p(15)?
-32
Let m(y) = -y**3 + 6*y**2 - 27*y + 15. What is m(3)?
-39
Let j(v) = 11*v**3 + 10*v**2 - 48*v + 57. Calculate j(3).
300
Let j(x) = -3*x**2 + 68*x - 206. Determine j(19).
3
Let j(u) = 4*u**2 - 9*u + 21. Determine j(8).
205
Let j(v) = 3*v**2 - 7*v + 47. Give j(5).
87
Let n(q) = q**3 + 8*q**2 - 73*q - 516. Give n(-10).
14
Let n(l) = 2*l**2 + 57*l - 164. Calculate n(3).
25
Let y(j) = -j**2 - 32*j - 220. What is y(-12)?
20
Let j(x) = 3083*x + 15395. Give j(-5).
-20
Let l(q) = 5*q**2 - 10*q - 20. What is l(-2)?
20
Let i(h) = h**3 - h**2 - 24*h + 15. What is i(5)?
-5
Let n(u) = -288*u - 877. Determine n(-3).
-13
Let w(n) = -n**3 + 56*n**2 + 306*n + 4. What is w(61)?
65
Let b(w) = 14*w**2 + 30*w - 118. Determine b(2).
-2
Let m(o) = -10099*o - 40362. Determine m(-4).
34
Let x(p) = 2*p**3 - 8*p**2 - 57*p + 221. Give x(4).
-7
Let x(n) = -n**2 + 13*n + 36. Give x(11).
58
Let m(f) = -12*f**2 - 47*f - 6. Determine m(-6).
-156
Let m(w) = 22*w + 290. Determine m(-13).
4
Let r(p) = -62*p - 1573. What is r(-25)?
-23
Let g(h) = 2*h**2 - 21*h + 106. Give g(5).
51
Let k(y) = y**2 + 36*y + 318. Determine k(-17).
-5
Let i(t) = t**3 - 110*t**2 - 221*t - 348. Determine i(112).
-12
Let p(d) = -881*d + 28212. Give p(32).
20
Let n(u) = u**2 + 2031*u + 4065. Calculate n(-2).
7
Let y(c) = -51*c - 3060. Determine y(-60).
0
Let y(i) = -i**3 - 40*i**2 + 34*i - 290. Calculate y(-41).
-3
Let x(d) = 3*d**3 - d**2 + 12*d - 25. What is x(4)?
199
Let z(g) = -89*g - 6464. What is z(-72)?
-56
Let o(x) = 4*x**2 - 8*x - 17. What is o(3)?
-5
Let s(m) = -39*m - 1635. Give s(-42).
3
Let r(c) = 3*c + 167. Give r(-54).
5
Let d(n) = -n**2 + 145*n + 706. What is d(-5)?
-44
Let b(m) = -2*m**2 + 82*m - 692. What is b(10)?
-72
Let k(p) = -3*p**3 - 31*p**2 - 16*p + 62. Calculate k(-10).
122
Let d(c) = -26*c**2 - 338*c + 5. Calculate d(-13).
5
Let s(i) = -i**3 - 73*i**2 - 142*i - 5041. Give s(-72).
-1
Let q(f) = 190*f - 508. Determine q(3).
62
Let p(r) = r**3 + 37*r**2 - 81*r + 3391. Determine p(-41).
-12
Let p(x) = -20*x**2 + 5*x + 5. Calculate p(-2).
-85
Let h(q) = 24*q**2 - 391*q - 12. Determine h(16).
-124
Let a(u) = u + 52. Determine a(11).
63
Let l(z) = -3*z + 80. What is l(-23)?
149
Let o(k) = k**3 + 6*k**2 + 14*k - 10. Give o(-8).
-250
Let x(m) = 1347*m + 105034. What is x(-78)?
-32
Let u(c) = -151*c + 1554. Give u(10).
44
Let i(n) = n**3 + n**2 - 54*n + 85. Calculate i(6).
13
Let y(b) = 388*b + 215. Give y(-1).
-173
Let g(m) = -278*m - 11390. Give g(-41).
8
Let g(c) = -10*c**2 + 54*c - 7. What is g(5)?
13
Let x(y) = 4*y**3 - y**2 + 2*y - 5. Give x(3).
100
Let z(u) = 2*u**2 + u - 200. Calculate z(-9).
-47
Let j(n) = 145*n - 29294. What is j(202)?
-4
Let r(d) = d**3 + 17*d**2 - 139*d + 9. What is r(-23)?
32
Let o(l) = -l**3 + 6*l**2 + 20*l - 27. Give o(6).
93
Let w(r) = -r**3 - 115*r**2 + 599*r - 140. Calculate w(-120).
-20
Let h(n) = n**3 - 17*n**2 + 84*n - 1418. Give h(17).
10
Let c(i) = -3*i**3 + 2*i**2 - 97*i + 211. Calculate c(2).
1
Let v(x) = -6*x**3 - 138*x**2 + 2*x + 31. Determine v(-23).
-15
Let l(u) = 79*u + 428. What is l(-6)?
-46
Let x(c) = 21*c**3 + c - 4. What is x(2)?
166
Let j(r) = 232*r + 849. Calculate j(-4).
-79
Let k(h) = 26*h**2 - 175*h - 2. What is k(7)?
47
Let w(g) = -4*g**3 - 287*g**2 + 74*g + 236. Determine w(-72).
92
Let a(h) = h**3 - 76*h**2 + 821*h - 24. What is a(13)?
2
Let u(y) = -y**3 - 25*y**2 - 51*y - 72. What is u(-23)?
43
Let u(d) = 70*d + 102. Determine u(-2).
-38
Let r(h) = -311*h + 4753. Calculate r(15).
88
Let i(t) = -t**2 + 1257*t + 8855. Calculate i(-7).
7
Let p(t) = -8*t**3 - 48*t**2 + 23*t + 30. Calculate p(-6).
-108
Let m(k) = 80*k - 396. Calculate m(5).
4
Let r(g) = 2122*g + 29714. Determine r(-14).
6
Let k(b) = -74*b + 1114. Calculate k(15).
4
Let v(y) = y**2 - 2*y + 6. What is v(-4)?
30
Let p(o) = -2*o**3 + 42*o**2 + 102*o - 24. Give p(23).
206
Let n(h) = 20*h - 1238. Calculate n(62).
2
Let q(z) = -z**3 + 61*z**2 + 455*z + 1412. Give q(68).
-16
Let q(l) = 5*l + 48. Determine q(-12).
-12
Let k(v) = v**3 - 11*v**2 + 24*v + 19. Determine k(10).
159
Let y(h) = -h**2 - 23*h + 450. What is y(9)?
162
Let y(t) = 2*t**3 - 22*t**2 - 60*t + 23. What is y(10)?
-777
Let v(d) = 16*d - 16. Determine v(23).
352
Let m(q) = -q**3 - 14*q**2 + 22*q + 138. Determine m(-12).
-414
Let s(q) = q**3 + 6*q**2 - 41*q - 1. Give s(-10).
9
Let i(x) = -753*x + 2426. What is i(3)?
167
Let d(v) = 5*v**2 + 4*v - 4. What is d(2)?
24
Let r(a) = -11*a**2 + 67*a + 79. What is r(7)?
9
Let r(n) = 2*n**3 + 116*n**2 - 242*n - 148. Calculate r(-60).
-28
Let p(q) = q**3 - 166*q**2 + 172*q - 1203. Determine p(165).
-48
Let z(o) = 6*o**2 + 45*o - 254. What is z(4)?
22
Let m(q) = -2*q**2 - 62*q - 486. Give m(-15).
-6
Let h(r) = -2*r**2 + 58*r + 193. Dete